589
List the prime factors of 4649546382.
2, 3, 13, 277, 215197
List the prime factors of 479243300.
2, 5, 673, 7121
What are the prime factors of 1083981229?
25439, 42611
List the prime factors of 138269137.
19, 607, 631
What are the prime factors of 25013471?
7, 631, 809
List the prime factors of 3637509093.
3, 19, 31, 228731
What are the prime factors of 1754415139?
1754415139
List the prime factors of 845529412.
2, 7, 13, 19, 179, 683
What are the prime factors of 17282359?
17282359
List the prime factors of 144790377.
3, 17, 449, 6323
What are the prime factors of 144259627?
487, 296221
List the prime factors of 943491561.
3, 619, 508073
List the prime factors of 29865686.
2, 151, 98893
List the prime factors of 52062030.
2, 3, 5, 578467
List the prime factors of 913676074.
2, 456838037
What are the prime factors of 147768282?
2, 3, 19, 29, 47, 317
What are the prime factors of 105647764?
2, 26411941
List the prime factors of 18999073.
127, 211, 709
What are the prime factors of 184765317?
3, 11, 5598949
What are the prime factors of 1107384282?
2, 3, 61521349
List the prime factors of 482192593.
1163, 414611
List the prime factors of 179401375.
5, 43, 33377
What are the prime factors of 488830335?
3, 5, 7, 139, 33493
List the prime factors of 4805273296.
2, 31, 9688051
List the prime factors of 421397213.
7561, 55733
List the prime factors of 871234235.
5, 174246847
What are the prime factors of 933703085?
5, 7, 97, 101, 389
List the prime factors of 464606162.
2, 53, 151, 29027
List the prime factors of 312570913.
43, 331, 21961
What are the prime factors of 30623587?
1231, 24877
What are the prime factors of 77521489?
967, 80167
What are the prime factors of 632891619?
3, 1087, 64693
What are the prime factors of 131185138?
2, 7, 71, 271, 487
What are the prime factors of 20426151?
3, 6808717
What are the prime factors of 11271869?
7, 47, 34261
What are the prime factors of 3096792?
2, 3, 59
List the prime factors of 35134181.
2011, 17471
List the prime factors of 45228014.
2, 13, 1739539
What are the prime factors of 1558968360?
2, 3, 5, 37, 311, 1129
List the prime factors of 1260430439.
17, 227, 19213
List the prime factors of 135669146.
2, 17, 3990269
List the prime factors of 92498033.
92498033
What are the prime factors of 2178849069?
3, 109, 499, 4451
What are the prime factors of 633590794?
2, 41, 71, 108827
List the prime factors of 1671063853.
79, 383, 55229
What are the prime factors of 254543611?
7, 131, 139, 1997
List the prime factors of 186717287.
186717287
What are the prime factors of 1585511289?
3, 176167921
What are the prime factors of 6563320352?
2, 205103761
List the prime factors of 37644987.
3, 17, 29, 25453
List the prime factors of 49227196.
2, 1493, 8243
List the prime factors of 20694349.
13, 1591873
What are the prime factors of 2249260206?
2, 3, 23, 16298987
What are the prime factors of 6946465?
5, 157, 8849
What are the prime factors of 1067236377?
3, 1231, 288989
List the prime factors of 150487548.
2, 3, 41, 263, 1163
List the prime factors of 513617569.
513617569
What are the prime factors of 5669096524?
2, 7, 13, 15574441
What are the prime factors of 41349519?
3, 47, 67, 1459
List the prime factors of 590183120.
2, 5, 83, 88883
List the prime factors of 137776097.
53, 2599549
List the prime factors of 20966249.
61, 343709
List the prime factors of 58430029.
7, 8347147
List the prime factors of 178044320.
2, 5, 1112777
What are the prime factors of 1600073310?
2, 3, 5, 11, 61, 101, 787
What are the prime factors of 192091284?
2, 3, 7, 11, 23099
What are the prime factors of 104193517?
37, 479, 5879
What are the prime factors of 846536904?
2, 3, 11757457
List the prime factors of 19979222.
2, 19, 525769
List the prime factors of 551401172.
2, 7, 23, 856213
What are the prime factors of 3373381245?
3, 5, 13, 1493, 11587
What are the prime factors of 588047164?
2, 23, 6391817
What are the prime factors of 535088355?
3, 5, 19, 1877503
What are the prime factors of 218269600?
2, 5, 251, 1087
What are the prime factors of 9326465?
5, 271, 6883
What are the prime factors of 36858870?
2, 3, 5, 409543
What are the prime factors of 7792043389?
13, 599387953
List the prime factors of 250805752.
2, 53, 591523
What are the prime factors of 649796356?
2, 11, 14768099
List the prime factors of 699064800.
2, 3, 5, 7, 41611
List the prime factors of 1823980390.
2, 5, 10099, 18061
List the prime factors of 327555207.
3, 7, 31, 367, 457
What are the prime factors of 2241311?
2241311
What are the prime factors of 44944158?
2, 3, 7, 17, 19, 3313
List the prime factors of 78397075.
5, 3135883
What are the prime factors of 65002980?
2, 3, 5, 7, 154769
What are the prime factors of 131464553?
11, 17, 19, 163, 227
List the prime factors of 253736330.
2, 5, 89, 137, 2081
What are the prime factors of 193577838?
2, 3, 32262973
What are the prime factors of 368483178?
2, 3, 7, 1061, 8269
What are the prime factors of 12328141?
7, 37, 47599
What are the prime factors of 784393690?
2, 5, 78439369
What are the prime factors of 698659139?
698659139
What are the prime factors of 45368464?
2, 83, 127, 269
What are the prime factors of 6310344480?
2, 3, 5, 11, 1195141
List the prime factors of 2142483615.
3, 5, 195929
List the prime factors of 3110444540.
2, 5, 7, 3173923
What are the prime factors of 2895352514?
2, 41, 35309177
What are the prime factors of 134841398?
2, 139, 485041
What are the prime factors of 692494917?
3, 7393, 31223
List the prime factors of 204376823.
7, 103, 283463
List the prime factors of 265668201.
3, 211, 46633
List the prime factors of 4358944382.
2, 13, 167651707
List the prime factors of 290387773.
13, 19, 1175659
What are the prime factors of 5913405?
3, 5, 31, 157
List the prime factors of 7214583638.
2, 15671, 230189
List the prime factors of 3854130569.
257, 331, 45307
List the prime factors of 748520866.
2, 43, 883, 9857
What are the prime factors of 73044521?
11, 6640411
What are the prime factors of 3499346390?
2, 5, 167, 281, 7457
What are the prime factors of 2221372750?
2, 5, 47, 97, 1949
What are the prime factors of 634710241?
11, 57700931
List the prime factors of 526124977.
7, 23, 1741, 1877
List the prime factors of 145573221.
3, 79, 563, 1091
What are the prime factors of 58236203?
17, 83, 149, 277
What are the prime factors of 45775416?
2, 3, 1907309
What are the prime factors of 185430733?
137, 193, 7013
List the prime factors of 89983575.
3, 5, 11, 12119
List the prime factors of 24968266.
2, 37, 79, 4271
List the prime factors of 111897295.
5, 263, 85093
List the prime factors of 1703682957.
3, 3617, 157007
What are the prime factors of 552930866?
2, 191, 331, 4373
List the prime factors of 1311918637.
1601, 819437
List the prime factors of 93572025.
3, 5, 1247627
List the prime factors of 484945630.
2, 5, 13, 103, 36217
What are the prime factors of 47526352?
2, 37, 43, 1867
What are the prime factors of 698811738?
2, 3, 116468623
List the prime factors of 114499807.
8807, 13001
What are the prime factors of 3986042172?
2, 3, 7, 167, 284149
What are the prime factors of 313516001?
379, 599, 1381
List the prime factors of 525431123.
7, 3889, 19301
What are the prime factors of 566069083?
31, 41, 73, 6101
What are the prime factors of 445186862?
2, 222593431
What are the prime factors of 3901450718?
2, 11, 37, 1223, 3919
What are the prime factors of 30229160?
2, 5, 13, 61, 953
List the prime factors of 988492250.
2, 5, 47, 84127
What are the prime factors of 20720012?
2, 5180003
What are the prime factors of 358448129?
13, 19, 43, 33749
List the prime factors of 43634871.
3, 7, 431, 1607
What are the prime factors of 87264757?
17, 193, 26597
What are the prime factors of 1024735029?
3, 1423, 240041
What are the prime factors of 559537920?
2, 3, 5, 48571
List the prime factors of 112283320.
2, 5, 43, 97, 673
What are the prime factors of 36801403?
23, 1600061
What are the prime factors of 49801200?
2, 3, 5, 47, 883
What are the prime factors of 92566154?
2, 46283077
List the prime factors of 917620301.
13, 43, 1641539
List the prime factors of 357932183.
7, 101, 506269
What are the prime factors of 202866474?
2, 3, 17, 1988887
List the prime factors of 2742712033.
29, 94576277
Li